ided by 33.
30
Let r = -166 + 97. Let p = -38 - r. Suppose -4*b + 12 = 3*j - j, 4*j = -2*b + 54. Calculate the remainder when p is divided by j.
15
Calculate the remainder when (344/215)/((-2)/(-135)) is divided by 19.
13
Suppose -x - 75 = -94. Calculate the remainder when 34 is divided by x.
15
Let g = 90 + -68. What is the remainder when 34 is divided by g?
12
Let z = 1075 - 1039. What is the remainder when 213 is divided by z?
33
Suppose -4*n + 583 + 67 = 5*f, 2*n + f = 322. What is the remainder when n is divided by 59?
42
Let w = 488 + -477. Calculate the remainder when 125 is divided by w.
4
Let y(n) = 7*n**2 + 267*n + 85. Calculate the remainder when 78 is divided by y(-38).
31
Let y(t) = t**3 + 21*t**2 + 33*t - 72. Suppose -u - 2*u + 132 = 0. What is the remainder when u is divided by y(-19)?
21
Let h be (-1 - -1)/(2/1). Let n(w) = w**3 - w**2 + 20. What is the remainder when n(h) is divided by 11?
9
Let v(a) = -4*a + 3. Let c be v(-4). Suppose 2*z - c = 15. Calculate the remainder when 31 is divided by z.
14
Suppose 807*k = 756*k + 4947. Let x = -3 + 3. What is the remainder when k is divided by 26 + -1 - x/(-1)?
22
Let z = 6 - 2. Suppose -c + 5*o = -z, 2*c - 4*o + 2*o = 16. What is the remainder when 52 is divided by c?
7
Let m(z) = 4*z + 2*z**2 + z**2 - 4 - 4 - 2*z**2. Calculate the remainder when m(-13) is divided by 16.
13
Calculate the remainder when 299 is divided by -1 + (-4)/(-3) + (-2464)/(-132).
14
Let s = 200 - 460. Suppose 3*q = -2*q - 5. What is the remainder when 76 is divided by (3/q)/(30/s)?
24
Suppose -k - 16 = 2*s - 191, -4*s - 157 = -k. What is the remainder when k is divided by 10?
9
Let d = 603 + -525. Calculate the remainder when d is divided by 20.
18
Let x(c) = 42*c**2 - 3*c - 2. Let f be x(-2). Suppose f = 36*d - 34*d. What is the remainder when d is divided by 22?
20
Let x(y) = -y**2 - 17*y + 17. Suppose 68 = -3*n + 26. Calculate the remainder when x(n) is divided by 12.
11
Let j be (-4)/(8/5)*8/(-4). Let a(l) be the third derivative of l**4/24 + l**3/3 - l**2. What is the remainder when 25 is divided by a(j)?
4
Let s(y) = 23*y**2 - y. Let d be (-2)/(2 - 0/5). Calculate the remainder when 93 is divided by s(d).
21
Suppose -15 = g - 49. What is the remainder when (-6)/27 + (-1714)/(-54)*3 is divided by g?
27
Suppose 2*q = 0, -c + 4*q + 795 = 2*c. Suppose -3*u + c = 4*r, -99 = -4*r - u + 160. Calculate the remainder when r is divided by 13.
12
Suppose -2*q + 0*q = -10. What is the remainder when ((-12)/(-30))/((-4)/(-260)) is divided by q?
1
Suppose s - 63 + 25 = 0. Calculate the remainder when 129 is divided by s.
15
Let w = 0 - 14. Calculate the remainder when 58 is divided by (-1 + 2)*105/w*-2.
13
Let v = 20 - -37. What is the remainder when v is divided by ((-27)/(-36) + 3)/(3/12)?
12
Let h be -2*3*20/(-24). Suppose -g - h + 30 = 0. Calculate the remainder when g is divided by 9.
7
Suppose 94 + 86 = 4*p. Let r(m) = 14*m - 86. What is the remainder when p is divided by r(7)?
9
Let u = -8 - -2. Suppose -2*o - 9 = -5*o. Calculate the remainder when u/4 - 52/(-8) is divided by o.
2
Let w be 3/6*(4 + -6 + 4). What is the remainder when ((-45)/(-6) - 2)/(w/6) is divided by 19?
14
Suppose 3*s + 6 = 39. Let f(v) = v**3 - 10*v**2 - 12*v + 9. Let a be f(s). Let t = a + 16. Calculate the remainder when 53 is divided by t.
11
Suppose -264 - 115 = -3*q - v, 0 = 5*q - v - 621. What is the remainder when 129 is divided by q?
4
Let j(w) = -w**3 + w**2 + 14. Let g = 217 + -122. Let b = g - 44. What is the remainder when b is divided by j(0)?
9
Suppose -11*o + 196 = -321. What is the remainder when 54 is divided by o?
7
What is the remainder when 1128 is divided by -4 + (100 - 2) + 10 + -17?
84
Let f = 26 + -28. What is the remainder when (-3 - 284/(-4)) + f is divided by 24?
18
Let j be (-18)/4*1/((-3)/2). Let z(p) = 9*p - 6. What is the remainder when 82 is divided by z(j)?
19
Let p = -314 + 175. Let c = -106 - p. Calculate the remainder when c is divided by 13.
7
Let o(u) = 11*u**3 - u - 2. Let c = 21 + -19. What is the remainder when o(c) is divided by 29?
26
Let n = 8 - -138. Suppose 0 = -4*h + 22 + n. Suppose 0*g + 3*g - h = 0. What is the remainder when 55 is divided by g?
13
Let s(x) = -x**3 - 2*x**2 - 8*x + 28. Let g be s(6). What is the remainder when 21 is divided by 3/18 - (-1 + g/24)?
7
Let o(h) = -h + 14. Let k be -3 - 3*2/(-6). What is the remainder when (-53 - 4/(-4))/k is divided by o(0)?
12
Suppose 2*j - a = 4*a - 9, -2*j + 2*a = 0. What is the remainder when (13/(-5) - j*-1)*185 is divided by 39?
35
What is the remainder when 176 is divided by (-2 - 64/(-3)) + 2/3?
16
Let z(d) = 3*d**2 + 23*d - 5. Let n(f) = 5*f - 4. Calculate the remainder when z(-10) is divided by n(3).
10
Suppose 0 = 5*f - 20, -3*f = g - f - 35. Suppose -61 = -3*p + 41. Let t = -24 + p. Calculate the remainder when g is divided by t.
7
Let l(v) = -3*v. Let r be (4 + 78/(-15))*10/4. Suppose 5*c - 2*c - 12 = 0. Calculate the remainder when l(r) is divided by c.
1
Suppose 4*d = 3*d + 3*q, 4*d - 5*q + 7 = 0. What is the remainder when 23 is divided by 3*d/(-18)*16?
7
Suppose 0 = 3*x + 12, -5*t + 59 = 3*x - 24. Calculate the remainder when 20 is divided by t.
1
Suppose -5*k - j - 3*j + 8 = 0, 0 = -3*k - 3*j + 3. Suppose k*u = 20*u - 256. Calculate the remainder when 79 is divided by u.
15
Let d(b) = -23*b - 8 + 5 + 17 - 24*b. What is the remainder when d(-1) is divided by 18?
7
Let r be 4/(-8)*(-25 + -1). Let i(l) be the second derivative of -l**4/12 + 13*l**3/6 + 15*l**2/2 - 2*l. Calculate the remainder when 43 is divided by i(r).
13
Suppose 0 = -t + 4, 4*j + 5*t - 30 = 30. Suppose -12*p + j*p = -24. Calculate the remainder when 95 is divided by p.
11
Let a be (-4 + 5)*(1 - 1). Suppose -3*l + 0*l + 9 = a. Calculate the remainder when (16/7)/((-34)/(-119)) is divided by l.
2
Suppose 29 = 7*y - 244. Suppose 3*v - 5*v + 42 = 0. Calculate the remainder when y is divided by v.
18
Suppose -3*u + 5*y + 969 = 0, y = 14*u - 19*u + 1615. What is the remainder when u is divided by 109?
105
Let n = 109 - 130. Calculate the remainder when -3 + 3/(-3) - (n - 1) is divided by 3.
0
Let v(d) = -d**3 - 3*d + 5. Suppose -24 = -r - 3*r. Suppose -x - r = -2. What is the remainder when v(x) is divided by 14?
11
Let v(h) = h**2 - 2*h + 2. Let t be v(2). Suppose g - 2 = 0, -t*w + 0*g = g - 36. What is the remainder when 31 is divided by w?
14
Let z = -767 - -783. What is the remainder when 235 is divided by z?
11
Let k(o) = o**3 - 9*o**2 + 8*o + 3. Let y be k(8). Suppose 0 = y*h - r - 122, -3*r - 2*r = -20. What is the remainder when h is divided by 9?
6
Let o = 61 + -110. Let v = -29 - o. Suppose 3*s - 169 + 52 = 0. What is the remainder when s is divided by v?
19
Suppose 7*r - 480 = -319. Calculate the remainder when 91 is divided by r.
22
Let l = 333 - 317. Calculate the remainder when 62 is divided by l.
14
Suppose 0 = 2*k + 5*h - 114, -28*k - h - 114 = -30*k. What is the remainder when 81 is divided by k?
24
Let m(y) = -y + 18. Let f(u) = u - 15. Let l be f(23). What is the remainder when 59 is divided by m(l)?
9
Let i = 163 - 136. What is the remainder when i is divided by 11?
5
Let t = 15 - -26. Suppose 18 = -18*y + 126. Calculate the remainder when t is divided by y.
5
Suppose 0 = 4*u + 2 - 118. Suppose 0 = -a + 13 - 2. Suppose p - a = -0. Calculate the remainder when u is divided by p.
7
Let u(y) = -58*y - 71. What is the remainder when u(-4) is divided by 25*1 - (-8)/4?
26
Let o(f) = 2*f**3 + 12*f**2 - 8*f - 3. Calculate the remainder when 492 is divided by o(-6).
42
Let x = -125 - -199. What is the remainder when x is divided by 27?
20
Suppose -5*a + 4*h = -188, -3*h = 5*a - 5*h - 184. Let c(t) = -2*t**2 + t + 3. Let n be c(-4). Let z = n + a. What is the remainder when z is divided by 1?
0
Let u(d) = -11*d + 2. Let f(t) = 55*t - 11. Let c(o) = -2*f(o) - 11*u(o). Calculate the remainder when 41 is divided by c(2).
19
Suppose -5*g + 273 = 2*g. What is the remainder when g is divided by 4?
3
Calculate the remainder when (228/(-12))/(1/(-4)) is divided by 40.
36
Suppose t = -4*u + 268, t = -16*u + 15*u + 253. Calculate the remainder when t is divided by 36.
32
Let n = 168 - 65. Let l = 106 - n. Calculate the remainder when -1 - -1 - (-3 - 2) is divide